List the prime factors of m.
3, 5, 61
Let q = 111 - 107. List the prime factors of ((-66)/18 + q)/(2/1770).
5, 59
Let x(g) be the second derivative of g**4/12 - g**3/2 - 15*g**2/2 + 3*g. What are the prime factors of x(7)?
13
Let o be -3*1 - (-84)/14. Let c be 112/o + 7/(-21). Suppose -4*t = -115 - c. List the prime factors of t.
2, 19
Suppose -189*l = -194*l + 8790. What are the prime factors of l?
2, 3, 293
Let f(h) = -4*h**2 - 9*h + 10. Let x(y) = -y**2 + 1. Let c(u) = -f(u) + 5*x(u). Let j be 3*-5*(-1 - (-4)/6). List the prime factors of c(j).
3, 5
Let y be 4/72*4 - (-14)/18. What are the prime factors of 201 + 0/(y*(1 - 0))?
3, 67
Suppose 19*b = 123 + 29. List the prime factors of b.
2
Let j(a) = 54*a**2 - 23*a - 27. What are the prime factors of j(-6)?
3, 5, 137
Let p = -101 + 187. Let m = 75 + p. What are the prime factors of m?
7, 23
Suppose -5*m - 20 = 3*o, -m = 5*o - 5*m - 16. Let f(p) = p**2 + p + 3. Let l be f(o). Suppose 19 + l = k. What are the prime factors of k?
2, 11
Let a be 315/4 - 26/(-104). Suppose a + 41 = 3*n. List the prime factors of n.
2, 5
Let w(d) = 62*d**2 - 6*d - 48. What are the prime factors of w(-5)?
2, 383
Let z(r) = r**3 + 16*r**2 - 2*r - 15. Let n be z(-16). Let v = n - 17. Suppose -4*k = 3*h - 0*k - 97, v = -3*h - 5*k + 95. List the prime factors of h.
5, 7
Suppose 2557 = l + 3*q, 13*l - 9*l - 7*q = 10133. List the prime factors of l.
2, 31, 41
Suppose -4*h = -6*h + 6. Suppose h*n = 2*p - 14, 0*n = 2*p - 5*n - 18. Suppose -d + p = 2. What are the prime factors of d?
2
Suppose 19 = -g - 2*g - 5*u, -u - 11 = -3*g. Suppose -a - g*a = -141. What are the prime factors of a?
47
Let b(n) be the third derivative of 11*n**5/60 + n**4/24 - n**3/3 - 9*n**2. What are the prime factors of b(-3)?
2, 47
Let q(g) = -g**2 + 4*g + 1. Let l be q(3). Let n = 67 - l. List the prime factors of n.
3, 7
Let m(s) = s**3 + 12*s**2 + 9*s + 30. Let y be m(-8). Suppose 0*l = -3*l - 15, 0 = -4*a - 4*l + 12. List the prime factors of y/a - (-30)/(-40).
2, 13
Let g(v) = v**3 + 22*v**2 + 36*v - 17. Let m be g(-13). Suppose 6*r - m = -r. List the prime factors of r.
2, 37
Suppose l + 4*y - 4 = 0, -3*l + 4*y + 8 = -l. Suppose 3*s - 12 = l*u - 383, -2*u + 2*s + 186 = 0. List the prime factors of u.
2, 23
Let y be (-15)/(-10)*20/6. Suppose -y*f + 431 = 91. What are the prime factors of f?
2, 17
Suppose a - 180 = -3*a - 4*s, 141 = 3*a + 5*s. Let d = a + -36. List the prime factors of d.
2, 3
Let j = 4 - 1. Suppose 5*p - 2*f - j = -18, -4*p + 2*f = 14. List the prime factors of 21*(p - 0 - -2).
3, 7
Let m = 4084 - 2442. What are the prime factors of m?
2, 821
Suppose 4*d + 5*v - 200 = 0, -3*d + 6*v = 4*v - 150. What are the prime factors of d?
2, 5
Suppose 6*n = 4*n + 5*f + 44, -5*f = 3*n - 16. What are the prime factors of n?
2, 3
Suppose 4837 = -65*c + 27522. What are the prime factors of c?
349
Suppose -29*t + 8*t = -12138. List the prime factors of t.
2, 17
Suppose -4*c = 4*x - 10692, -x - 7*c = -11*c - 2688. What are the prime factors of x?
2, 3, 223
Let u(h) be the third derivative of -1/15*h**5 - h**2 - 1/60*h**6 + 1/6*h**3 + 0 + 0*h**4 + 0*h. What are the prime factors of u(-3)?
19
Let k be 9/15 + 158/(-5). Suppose 5*g + 2*a = 279, -3*g - 47 = -4*g + 4*a. Let x = k + g. What are the prime factors of x?
2, 3
Let b be (-54)/7 - (-4)/(-14). Let w(a) = 26*a + 204. Let j be w(-7). Let q = b + j. List the prime factors of q.
2, 7
Suppose -7*n = -3*n - 80. Suppose 14*l = n*l - 1146. What are the prime factors of l?
191
Let a(j) = -2*j**2 - j - 1. Let l be a(2). Let u be ((-3)/(-2) + 2)*6. Let h = u + l. List the prime factors of h.
2, 5
Suppose -6*s = -169 - 539. What are the prime factors of s?
2, 59
Suppose -7644 + 2632 = -7*b. What are the prime factors of b?
2, 179
Let u = 69 - -6. Suppose -29 = x - u. What are the prime factors of x?
2, 23
List the prime factors of -6876*((-6)/12 + 0 - 0).
2, 3, 191
Let x = 1320 + -902. What are the prime factors of x?
2, 11, 19
Let b be (2 + -62)*(-1)/2. Suppose 4*i - b = 46. What are the prime factors of i?
19
What are the prime factors of 1862 - (-12 - 0)*(-43)/86?
2, 29
Let v(p) = 53*p - 21. List the prime factors of v(4).
191
Suppose -470 = 8*o + 674. Let m = o + 256. What are the prime factors of m?
113
Let n(h) = 40*h**2 + 11*h + 13. List the prime factors of n(-4).
3, 7, 29
Let y(u) be the first derivative of u**5/60 + 7*u**4/24 + u**3/6 + 5*u**2/2 + 5. Let c(s) be the second derivative of y(s). List the prime factors of c(-9).
19
Let v(y) = -y**2 + 6*y - 3. Let h be v(5). Let x(a) = 2*a - 3 - 13*a + 2 - h. What are the prime factors of x(-2)?
19
Suppose 7*n = 55*n - 211632. List the prime factors of n.
4409
Let n(q) = 2*q**2 - 15*q - 37. List the prime factors of n(16).
5, 47
Let x(t) = -t**2 - 26*t + 147. What are the prime factors of x(-26)?
3, 7
Let n(v) = -v**3 + 6*v**2 - 7. Let m be n(6). Let l(f) = -21 + 21 - 2*f + 16. List the prime factors of l(m).
2, 3, 5
Let u = 22 - 10. Let r = u - 7. Suppose -27 + 137 = r*p. List the prime factors of p.
2, 11
Let g(f) = -5*f + 8*f**2 + 4 + 5*f**2 + f**3 + 0*f**3 - f**2. Let a be g(-12). Suppose -11*w = -15*w + a. List the prime factors of w.
2
Suppose -4*o + 3*h + 2039 = 0, 504 = 113*o - 112*o + 5*h. List the prime factors of o.
509
Let s(b) = b**3 + 15*b**2 + 40*b - 7. List the prime factors of s(-6).
7, 11
Let z(g) = -523*g - 27. What are the prime factors of z(-3)?
2, 3, 257
Let h(g) = 3*g**3 + 45 + 8*g - g**3 + 3*g**3 - 9*g**2. Let i(b) = b**3 - 2*b**2 + 2*b + 11. Let j(u) = -2*h(u) + 9*i(u). List the prime factors of j(0).
3
Let x(t) = -2*t - 9. Let u be x(-6). Suppose -u*j - 5 = -161. List the prime factors of j.
2, 13
Let u = -23 + 29. List the prime factors of 4*(-3)/u + 4.
2
Let r = -8 - -5. Let k = 5 + r. What are the prime factors of ((-1)/k)/(7/(-336))?
2, 3
Let a = -16 - -16. Suppose 2*i + 11 - 19 = a. Suppose -i*r - 3 = -87. What are the prime factors of r?
3, 7
Let p(m) = -33*m + 3. Let j be p(5). Let d = -87 - j. List the prime factors of (-34)/(-5) + 15/d.
7
Let f(x) = -42*x - 65. What are the prime factors of f(-9)?
313
Let y(k) = k**2 - 6*k + 5. Let x be y(4). Let p be 1/x + (-234)/27. Let o = 20 + p. What are the prime factors of o?
11
Suppose 0 = k - 6 - 0. Let q be k/21*(5 - -2). List the prime factors of 69/q*4/6.
23
Let f be (10/(-8))/(-5)*(2 + 6). Suppose 155 = f*j + 7. List the prime factors of j.
2, 37
Suppose -6*f = -2333 - 12481. What are the prime factors of f?
3, 823
List the prime factors of (-1 - -2)*14/7 - -320.
2, 7, 23
Suppose 5 = 5*b, 4*l - 5*b - 1455 = -0*b. What are the prime factors of l?
5, 73
Let p = 2226 + -536. List the prime factors of p.
2, 5, 13
Let p be 1/(3 - (-23)/(-8)). Suppose 0 = -5*q + p*q - 348. List the prime factors of q.
2, 29
List the prime factors of 3 - -2084 - (-9 - -20).
2, 3, 173
Suppose 240 = -4*b - 2*b. Let g = 89 + b. List the prime factors of g.
7
Let q be (-16)/(-88) + (-108)/(-11). Suppose m = -q + 35. List the prime factors of m.
5
Suppose 5*h - 5*q = 15, -3*q + 6 = 2*h + q. Suppose 0 = 2*g - h*u - 136, -g + u + 58 = 2*u. What are the prime factors of g?
2, 31
Let h(r) = 16*r**3 + 5*r**2 - 2*r - 1. Let v(z) = z**3 - z - 1. Let q(l) = -h(l) + 5*v(l). What are the prime factors of q(-3)?
257
Let i(t) = -t**2 - 19*t - 10. Suppose 0 = 4*s - a + 25, 2*s = -6*a + 4*a. List the prime factors of i(s).
2, 3, 5
Let g = -70 - -413. What are the prime factors of g?
7
Let o be (40/(-50))/(1/235). Let v = o - -266. Suppose 3 = f, -2*g - g + v = f. List the prime factors of g.
5
Suppose -15*x = -153 - 3087. List the prime factors of x.
2, 3
Let q(x) be the third derivative of 1/20*x**5 + 0*x + 5*x**2 + x**3 - 1/12*x**4 + 0. List the prime factors of q(-3).
3, 13
Suppose -12*q = -7258 - 16490. What are the prime factors of q?
1979
Let c be (1/2)/(2/724). Suppose 2*y - 25 = -2*l - c, 5*y + 430 = 3*l. Let b = y + 136. What are the prime factors of b?
53
Suppose 3*u = 3*h + 2*u - 1021, h = -2*u + 338. List the prime factors of h.
2, 5, 17
Let t(g) = -2*g**3 + 37*g**2 - 28*g + 36. What are the prime factors of t(15)?
3, 397
Suppose 3*s = -0*s + 4*m - 26, -4*s - m - 3 = 0. What are the prime factors of (-11)/(s/(4 + -2))?
11
Suppose -5358 + 1166 = -3*v + 2*r, -5*r + 4178 = 3*v. List the prime facto